 of r(b)?
6
Let g(b) = -1634*b**2 + 9*b - 9. Let r(n) = 1634*n**2 - 10*n + 10. Let m(w) = -3*g(w) - 2*r(w). What is the hundreds digit of m(1)?
6
Let w(t) = 181*t**3 + 2*t**2 + 2*t + 37. What is the units digit of w(4)?
1
Let k(h) = 2*h**3 - 4*h**2 + 2*h + 1. Let g be k(2). Let j(z) = -49*z - 18. Let l be j(g). Let s = l - -372. What is the hundreds digit of s?
1
Let l = 13071 - 6655. What is the thousands digit of l?
6
Suppose -162*r + 168*r = 6450. What is the thousands digit of r?
1
Suppose -2*h + 3295 = -3*d, -40*h + 33*h = -4*d - 11552. What is the thousands digit of h?
1
Let r(a) = 40 - 18 + 4*a + 16 - 2*a. Let m be r(-10). Suppose -m + 6 = -4*n, h - 44 = -4*n. What is the units digit of h?
2
Suppose -8*l - 5*l = -45230 + 6620. What is the units digit of l?
0
Let j = 91 + -154. Let f be ((-41)/(-2))/(2/(-16)). Let p = j - f. What is the hundreds digit of p?
1
Let f(a) = -15*a - 11. Let z be f(-3). Let i be 6/36 + z/12. Suppose 2*b - 416 = -5*n, -i*b + 2*b + 3*n + 186 = 0. What is the units digit of b?
8
Let w = -14090 - -40790. What is the tens digit of w?
0
Let j(r) = 3*r**2 + 12*r - 41. Let v(g) = -4*g**2 - 11*g + 40. Let n(b) = -6*j(b) - 5*v(b). What is the tens digit of n(16)?
8
Suppose 2*n = 3*l - 8 + 23, 0 = -n + 4*l + 10. Suppose 2*c = -g + n, -2*c - 2*g + 9 = c. What is the hundreds digit of ((-22)/(-1))/((-50)/(-16) - c)?
1
Suppose 32*u - 37*u = 2*n - 18310, 0 = -2*n + 5*u + 18370. What is the hundreds digit of n?
1
Suppose -4*u + 70992 = -4*q - 89836, 4*u = q + 160819. What is the thousands digit of u?
0
Let n be ((-10)/30*-15)/(5/2). Suppose a - 172 - 297 = n*x, a - 5*x = 463. What is the tens digit of a?
7
What is the units digit of (-1580)/(-80)*(311 - 40/(-8))?
1
Let r(s) = 2*s**2 - s - 1. Let q be r(-1). Let p(o) = -21*o - 6 + q - o**2 - 2 - 5. What is the units digit of p(-16)?
9
Suppose 4*g + g + 6099 = 4*h, 0 = -h + g + 1524. Suppose 25 = 5*x, 2*f = -19*x + 24*x + h. What is the hundreds digit of f?
7
Let x(f) be the first derivative of 10/3*f**3 - 9/2*f**2 + 1/2*f**4 - 4*f - 21. What is the units digit of x(-5)?
1
Suppose 7*s - 49 = -182. What is the thousands digit of s/228 + (-25250)/(-24)?
1
Let q(o) = 5*o**2 + 8*o + 15. Let m be q(-5). Let x = 105 - m. Let z(n) = 33*n - 2. What is the units digit of z(x)?
3
Suppose 0 = 5*a - g - 15, 3*g = -0*a - 2*a - 11. Let q be 4/a - 1 - -5. What is the units digit of 53*-2*(-3)/q?
3
Let k(r) = 22*r**2 + 217*r - 32. What is the tens digit of k(-22)?
4
Let n be (-2 - 0)/((-2)/14). Let p(i) = 22*i + 65. Let w be p(-3). Let m = n + w. What is the tens digit of m?
1
Suppose 0 = 2*a - 4*l - 7126, 3*a - 3*l = 2*a + 3564. What is the hundreds digit of a?
5
Let r(k) = 79*k**2 - 4*k + 105. What is the tens digit of r(11)?
2
Let z(a) = -1523 + 1448 + 7*a + 2*a**2 + 10*a. What is the units digit of z(13)?
4
Suppose 2211 = -3*d + 141. Let i = d - -1085. What is the hundreds digit of i?
3
Suppose -20024 = -4*p + 2*a, 13*a + 5006 = p + 9*a. What is the thousands digit of p?
5
Suppose 5*n - 54 = 3*z, -17*n + 95 = -4*z - 18*n. Let q(f) = -f**2 + 7*f - 10. Let c be q(7). Let b = c - z. What is the units digit of b?
3
Let j(l) be the third derivative of l**5/4 - 5*l**4/12 + 11*l**3/2 - 66*l**2 - 2. What is the units digit of j(3)?
8
Suppose -3*r + d - 49 = 0, 4*r + 0*d + 72 = 3*d. Let c(s) = -s**3 - 15*s**2 - 7*s + 10. What is the tens digit of c(r)?
1
Let c be 30/26 - (-29)/((-4901)/26). What is the thousands digit of -5 + c - 19/((-133)/9296)?
1
Let j = -5 - -5. Suppose j = -4*f + 239 - 11. Let k = 60 - f. What is the units digit of k?
3
Let j(b) = 2*b - 20. Let y be j(10). Suppose -d = -y*d - 195. What is the units digit of d?
5
Let j = -32458 - -56248. What is the ten thousands digit of j?
2
Let r(w) = -w**3 - 20*w**2 - 19*w + 1. Let c be r(-19). Let z be c/((-54)/11166) + (-2)/9. Let o = 315 + z. What is the hundreds digit of o?
1
Let f = 1110 + -659. Let w = 858 - f. What is the hundreds digit of w?
4
Let y = 10 + -10. Suppose 4*z + 34 = 58. What is the units digit of 38 + z/(-3) + y?
6
Let y = -3304 - -4767. What is the tens digit of y?
6
Let t = 22590 + 7679. What is the tens digit of t?
6
Suppose -51*l = -7719 - 7173. What is the units digit of l?
2
Let o be 40 + -37 - (-2 + 1)/1. Suppose 2*r = 6*a - o*a + 188, 0 = 4*r + 5*a - 349. What is the units digit of r?
1
What is the ten thousands digit of (31883/5)/((-42)/(-210))?
3
What is the ten thousands digit of ((-419730)/1275)/(2/(-120))?
1
Let z = 85 - 43. What is the tens digit of z - 0/(-2*6/4)?
4
Let i be (2 - 7/4)/(4/16). Let p be 0/i*(-2 - -6 - 3). Suppose -j - 2*c + 75 = -p*j, 0 = 4*j + 4*c - 296. What is the units digit of j?
3
Suppose -5*d + 3*i + 36 = 0, -i + 2 - 4 = 0. Let h be d/(-3) + (5 - 1). Suppose -5*g - h*z + 651 = 0, -522 = -0*g - 4*g - 2*z. What is the hundreds digit of g?
1
Let i(d) = -3*d**3 + d - 3. Let z be i(-2). Let a = 63 + z. Suppose -6*c + c = 2*l - a, -5*l + 228 = c. What is the units digit of l?
6
Let f(v) = 5 + 9*v + 0*v + 8. Let s be f(7). Let d = s + -40. What is the tens digit of d?
3
Suppose -5*f + 2*s = -49, 2*f = -f + 3*s + 33. Suppose 5145 = f*x + 6*x. What is the hundreds digit of x?
3
Suppose 5*h - 113 = -103. Suppose -h*q = -5*d + 169, -3*d - 4*q + 91 = -0*q. What is the tens digit of d?
3
Let z(u) = -719*u + 279. What is the ten thousands digit of z(-21)?
1
Suppose -6*m + 96975 = -x, -4*m - 3*x + 30594 + 34045 = 0. What is the ten thousands digit of m?
1
Suppose 6*c - 3*c = 1335. Suppose -2*a = 0, 3*a - c = 5*y - 4250. What is the tens digit of y?
6
Let w = 5139 - 2526. What is the units digit of w?
3
Let p be -8*2/4*-206. Suppose -p = -6*q - 110. What is the tens digit of q?
1
Let a(w) = -303*w + 41. Let n(o) = 48*o - 2. Let l(i) = -a(i) - 7*n(i). Suppose u = -4*b + 2*u - 25, 3*b + 5*u = 10. What is the hundreds digit of l(b)?
1
Suppose -2*y + 6 = 2, y - 50402 = -5*c. Suppose c = 14*g - 5*g. Suppose 28*k + g = 36*k. What is the units digit of k?
0
Let s(b) = 5*b - 27. Let z be s(6). Suppose z*a + 3*v - 1146 = 0, 5*a + 4*v - 1915 = -0*a. What is the units digit of a?
7
Let g = 1 - 0. Let s be 3 + -3 - (1 - 7 - g). Suppose 189 = s*u - 4*u. What is the units digit of u?
3
Let d(x) = x**3 - 8*x**2 - 8*x - 20. Let o be d(9). Let k be (-162 - -6)*(o/(-2) - 0). What is the units digit of (-18)/(-90) + k/(-10)?
6
Let r = 24 + -24. Suppose -4*z + 16 = r, b + b = z - 650. Let v = -112 - b. What is the hundreds digit of v?
2
Suppose 0 = 4*y + 12, i - 17*y - 1119 = -15*y. What is the thousands digit of i?
1
What is the units digit of 57/(-76) + ((-2)/7 - 6612263/(-196))?
5
Let f be 2/10 - (-627)/15. Let j = 43 - f. What is the hundreds digit of (-27090)/(-120) - j*(-2)/8?
2
Let v(w) be the first derivative of -23*w**4/4 - w**3/3 - w**2 - w - 34. Let y be v(3). What is the hundreds digit of (y + -5)*2/(-6)?
2
Let g = -110 - -118. Suppose g*s = 1816 + 2288. What is the tens digit of s?
1
Let h = 8343 - 5977. What is the hundreds digit of h?
3
Let f = 69 - 34. Suppose b + 1 = -f. What is the units digit of (-2 - b/10)/(2/5)?
4
What is the hundreds digit of (27 - (20 - -34)) + 73752?
7
Let o = 664 - 410. Let r = o - -209. What is the tens digit of r?
6
Suppose 18 = -4*v - 4*u + 46, -20 = -5*v - 2*u. Let y = v + 1. Suppose y*m = 4*r - 156, 52 + 72 = 3*r - 4*m. What is the units digit of r?
6
Let w be -3 + (-5188)/54 + (-6)/(-81). Let k be 4/(-10) + (-1796)/10. Let s = w - k. What is the units digit of s?
1
Let i(w) = 8*w - 3 - 2*w**3 - 3*w**3 + 3*w**3. Let d = 1434 + -1438. What is the units digit of i(d)?
3
Suppose 15*r = -20*r + 208042 + 504838. What is the ten thousands digit of r?
2
Let y(l) = l**3 + l**2 - l. Let d(m) = -8*m**3 - 8*m**2 + 12*m + 1. Let c(o) = -d(o) - 3*y(o). What is the hundreds digit of c(4)?
3
Let u = 74167 - 14515. What is the units digit of u?
2
Let p(v) = v**2 + 2*v - 6. Let t be p(2). Suppose 3*q = y + q - 663, t*q = -3*y + 1949. Suppose -1607 = -10*c + y. What is the units digit of c?
6
Let m = 4534 + -3319. What is the units digit of m?
5
Let n(q) = 170*q**3 + 2*q**2 + 6*q - 27. What is the units digit of n(3)?
9
Let i(w) = 4*w - 2. Let h(b) = -5*b + 3. Let u(o) = 5*h(o) + 6*i(o). Let p be u(2). What is the units digit of 1270/25 - p/(-5)?
1
Let n = -65 - -67. Suppose 2*z - n*u